{"id":9,"date":"2021-06-15T08:52:06","date_gmt":"2021-06-15T06:52:06","guid":{"rendered":"https:\/\/nucabogados.com\/?page_id=9"},"modified":"2021-12-28T16:48:20","modified_gmt":"2021-12-28T15:48:20","slug":"firma","status":"publish","type":"page","link":"https:\/\/nucabogados.com\/?page_id=9","title":{"rendered":"La firma"},"content":{"rendered":"\n<div style=\"height:20px\" aria-hidden=\"true\" class=\"wp-block-spacer\"><\/div>\n\n\n\n<div class=\"wp-block-group alignfull\"><div class=\"wp-block-group__inner-container is-layout-flow wp-block-group-is-layout-flow\">\n<div class=\"wp-block-jetpack-layout-grid alignfull column1-desktop-grid__span-3 column1-desktop-grid__start-2 column1-desktop-grid__row-1 column2-desktop-grid__span-6 column2-desktop-grid__start-6 column2-desktop-grid__row-1 column1-tablet-grid__span-3 column1-tablet-grid__row-1 column2-tablet-grid__span-5 column2-tablet-grid__start-4 column2-tablet-grid__row-1 column1-mobile-grid__span-4 column1-mobile-grid__row-1 column2-mobile-grid__span-4 column2-mobile-grid__row-2\">\n<div class=\"wp-block-jetpack-layout-grid-column wp-block-jetpack-layout-grid__padding-none is-vertically-aligned-center\">\n<div class=\"wp-block-image is-style-default\"><figure class=\"aligncenter size-full\"><img fetchpriority=\"high\" decoding=\"async\" width=\"1200\" height=\"1600\" src=\"https:\/\/nucabogados.com\/wp-content\/uploads\/2021\/12\/FOTO-PRINCIPL.jpg\" alt=\"\" class=\"wp-image-1016\"\/><\/figure><\/div>\n\n\n\n<hr class=\"wp-block-separator has-text-color has-background has-white-background-color has-white-color\"\/>\n<\/div>\n\n\n\n<div class=\"wp-block-jetpack-layout-grid-column wp-block-jetpack-layout-grid__padding-none\">\n<h5 class=\"firm-header wp-block-heading\" id=\"letrada-noelia-ubeda-camarasa\">Letrada Noelia \u00dabeda Camarasa<\/h5>\n\n\n\n<p class=\"wp-block-paragraph\">Fundadora de <strong>NUC ABOGADOS<\/strong>. Una firma que ejerce en todo el territorio nacional dedicado a personas f\u00edsicas y jur\u00eddicas, con la finalidad de ofrecer el mejor asesoramiento legal a nuestros clientes.<\/p>\n\n\n\n<h6 class=\"firm-subtitle wp-block-heading\" id=\"talento\">Talento<\/h6>\n\n\n\n<p class=\"has-text-align-justify wp-block-paragraph\">Un equipo de letrados colaboradores, multidisciplinar y diverso, bajo la direcci\u00f3n de D\u00aa Noelia \u00dabeda, cubre diferentes disciplinas del derecho, aplicando conocimiento y experiencia desde una visi\u00f3n sectorial y enfocada a cada tipo de situaci\u00f3n jur\u00eddica planteada.<\/p>\n\n\n\n<h6 class=\"firm-subtitle wp-block-heading\" id=\"cercania\">Cercan\u00eda<\/h6>\n\n\n\n<p class=\"wp-block-paragraph\">Contamos con la m\u00e1xima atenci\u00f3n al cliente, extremadamente personalizada que nos permite ofrecer soluciones individualizadas y detalladas en cada momento preciso.<\/p>\n\n\n\n<h6 class=\"firm-subtitle wp-block-heading\" id=\"agilidad\">Agilidad<\/h6>\n\n\n\n<p class=\"has-text-align-justify wp-block-paragraph\">Somos flexibles y r\u00e1pidos, adapt\u00e1ndonos de forma eficaz a nuevas situaciones, con una alta capacidad de respuesta, trabajando de forma din\u00e1mica y segura, siendo en todo momento proactivos.<\/p>\n<\/div>\n<\/div>\n<\/div><\/div>\n\n\n\n<hr class=\"wp-block-separator has-text-color has-background has-white-background-color has-white-color is-style-default\"\/>\n\n\n\n<div class=\"wp-block-group alignfull has-medium-padding\"><div class=\"wp-block-group__inner-container is-layout-flow wp-block-group-is-layout-flow\">\n<div class=\"wp-block-columns alignfull is-layout-flex wp-container-core-columns-is-layout-8f761849 wp-block-columns-is-layout-flex\">\n<div class=\"wp-block-column is-vertically-aligned-center is-layout-flow wp-block-column-is-layout-flow\" style=\"flex-basis:66.66%\">\n<h5 class=\"innov-solutions wp-block-heading\" id=\"soluciones-innovadoras\">Soluciones innovadoras<\/h5>\n\n\n\n<p class=\"has-text-align-left wp-block-paragraph\">La juventud de los letrados colaboradores destaca la capacidad de generar nuevas ideas y oportunidades, tratando de conseguir entregar soluciones o alternativas de manera clara, directa y sencilla, al cliente.<\/p>\n<\/div>\n\n\n\n<div class=\"wp-block-column is-vertically-aligned-center is-layout-flow wp-block-column-is-layout-flow\" style=\"flex-basis:33.33%\">\n<div style=\"height:65px\" aria-hidden=\"true\" class=\"wp-block-spacer\"><\/div>\n\n\n\n<figure class=\"wp-block-image size-full is-resized is-style-rounded\"><img decoding=\"async\" src=\"https:\/\/nucabogados.com\/wp-content\/uploads\/2021\/08\/Logo4.jpeg\" alt=\"\" class=\"wp-image-197\" width=\"409\" height=\"307\" srcset=\"https:\/\/nucabogados.com\/wp-content\/uploads\/2021\/08\/Logo4.jpeg 1024w, https:\/\/nucabogados.com\/wp-content\/uploads\/2021\/08\/Logo4-300x225.jpeg 300w, https:\/\/nucabogados.com\/wp-content\/uploads\/2021\/08\/Logo4-768x576.jpeg 768w, https:\/\/nucabogados.com\/wp-content\/uploads\/2021\/08\/Logo4-800x600.jpeg 800w, https:\/\/nucabogados.com\/wp-content\/uploads\/2021\/08\/Logo4-400x300.jpeg 400w, https:\/\/nucabogados.com\/wp-content\/uploads\/2021\/08\/Logo4-200x150.jpeg 200w\" sizes=\"(max-width: 409px) 100vw, 409px\" \/><\/figure>\n<\/div>\n<\/div>\n<\/div><\/div>\n\n\n\n<h5 class=\"alignwide has-text-align-center firm-phrase has-text-color wp-block-heading\" id=\"el-asesoramiento-legal-es-excepcionalmente-preciso-practico-y-proactivo\" style=\"color:#83631e\">\u201cEl asesoramiento legal es excepcionalmente preciso, pr\u00e1ctico y proactivo.\u201d<\/h5>\n\n\n\n<div style=\"height:100px\" aria-hidden=\"true\" class=\"wp-block-spacer\"><\/div>\n\n\n\n<div class=\"wp-block-cover alignfull is-light\"><span aria-hidden=\"true\" class=\"has-background-dim-30 wp-block-cover__gradient-background has-background-dim\"><\/span><img decoding=\"async\" width=\"825\" height=\"864\" class=\"wp-block-cover__image-background wp-image-643\" alt=\"\" src=\"https:\/\/nucabogados.com\/wp-content\/uploads\/2021\/08\/FOTO-CIUDAD-DE-LA-JUST-PRINCIPAL_red.jpg\" data-object-fit=\"cover\" srcset=\"https:\/\/nucabogados.com\/wp-content\/uploads\/2021\/08\/FOTO-CIUDAD-DE-LA-JUST-PRINCIPAL_red.jpg 825w, https:\/\/nucabogados.com\/wp-content\/uploads\/2021\/08\/FOTO-CIUDAD-DE-LA-JUST-PRINCIPAL_red-286x300.jpg 286w, https:\/\/nucabogados.com\/wp-content\/uploads\/2021\/08\/FOTO-CIUDAD-DE-LA-JUST-PRINCIPAL_red-768x804.jpg 768w, https:\/\/nucabogados.com\/wp-content\/uploads\/2021\/08\/FOTO-CIUDAD-DE-LA-JUST-PRINCIPAL_red-800x838.jpg 800w\" sizes=\"(max-width: 825px) 100vw, 825px\" \/><div class=\"wp-block-cover__inner-container is-layout-flow wp-block-cover-is-layout-flow\">\n<div class=\"wp-block-jetpack-layout-grid alignfull column1-desktop-grid__span-8 column1-desktop-grid__start-3 column1-desktop-grid__row-1 column1-tablet-grid__span-8 column1-tablet-grid__row-1 column1-mobile-grid__span-4 column1-mobile-grid__row-1\">\n<div class=\"wp-block-jetpack-layout-grid-column wp-block-jetpack-layout-grid__padding-none\">\n<h3 class=\"has-text-align-center firm-foot wp-block-heading\" id=\"nuestra-percepcion-actual-es-solo-una-forma-de-observar-la-situacion-y-cuantas-mas-perspectivas-investiguemos-mejor-podra-ser-la-solucion-contactanos-y-te-ayudaremos\"><strong>Nuestra percepci\u00f3n actual es solo una forma de observar la situaci\u00f3n, y cu\u00e1ntas m\u00e1s perspectivas investiguemos mejor podr\u00e1 ser la soluci\u00f3n. Cont\u00e1ctanos y te ayudaremos.<\/strong><\/h3>\n\n\n\n<div class=\"wp-block-buttons is-horizontal is-content-justification-center is-layout-flex wp-container-core-buttons-is-layout-7d812b4c wp-block-buttons-is-layout-flex\">\n<div class=\"wp-block-button aligncenter is-style-outline is-style-outline--1\"><a class=\"wp-block-button__link has-background-color has-text-color\" href=\"https:\/\/nucabogados.com\/contacto\/\" rel=\"#\">Contacta con nosotros<\/a><\/div>\n<\/div>\n<\/div>\n<\/div>\n<\/div><\/div>\n","protected":false},"excerpt":{"rendered":"<p>Letrada Noelia \u00dabeda Camarasa Fundadora de NUC ABOGADOS. Una firma que ejerce en todo el territorio nacional dedicado a personas f\u00edsicas y jur\u00eddicas, con la finalidad de ofrecer el mejor asesoramiento legal a nuestros clientes. Talento Un equipo de letrados colaboradores, multidisciplinar y diverso, bajo la direcci\u00f3n de D\u00aa Noelia \u00dabeda, cubre diferentes disciplinas del&hellip;<\/p>\n<a class=\"read-more-link\" href=\" https:\/\/nucabogados.com\/?page_id=9 \">Read More<\/a>","protected":false},"author":207752652,"featured_media":0,"parent":0,"menu_order":2,"comment_status":"closed","ping_status":"closed","template":"","meta":{"_coblocks_attr":"","_coblocks_dimensions":"","_coblocks_responsive_height":"","_coblocks_accordion_ie_support":"","_starter_page_template":"about-3","_wpcom_template_layout_category":[],"footnotes":""},"class_list":["post-9","page","type-page","status-publish","hentry","no-featured-image"],"amp_enabled":true,"_links":{"self":[{"href":"https:\/\/nucabogados.com\/index.php?rest_route=\/wp\/v2\/pages\/9","targetHints":{"allow":["GET"]}}],"collection":[{"href":"https:\/\/nucabogados.com\/index.php?rest_route=\/wp\/v2\/pages"}],"about":[{"href":"https:\/\/nucabogados.com\/index.php?rest_route=\/wp\/v2\/types\/page"}],"author":[{"embeddable":true,"href":"https:\/\/nucabogados.com\/index.php?rest_route=\/wp\/v2\/users\/207752652"}],"replies":[{"embeddable":true,"href":"https:\/\/nucabogados.com\/index.php?rest_route=%2Fwp%2Fv2%2Fcomments&post=9"}],"version-history":[{"count":57,"href":"https:\/\/nucabogados.com\/index.php?rest_route=\/wp\/v2\/pages\/9\/revisions"}],"predecessor-version":[{"id":1017,"href":"https:\/\/nucabogados.com\/index.php?rest_route=\/wp\/v2\/pages\/9\/revisions\/1017"}],"wp:attachment":[{"href":"https:\/\/nucabogados.com\/index.php?rest_route=%2Fwp%2Fv2%2Fmedia&parent=9"}],"curies":[{"name":"wp","href":"https:\/\/api.w.org\/{rel}","templated":true}]}}

<div style="height:20px" aria-hidden="true" class="wp-block-spacer"></div>



<div class="wp-block-group alignfull"><div class="wp-block-group__inner-container is-layout-flow wp-block-group-is-layout-flow">
<div class="wp-block-jetpack-layout-grid alignfull column1-desktop-grid__span-3 column1-desktop-grid__start-2 column1-desktop-grid__row-1 column2-desktop-grid__span-6 column2-desktop-grid__start-6 column2-desktop-grid__row-1 column1-tablet-grid__span-3 column1-tablet-grid__row-1 column2-tablet-grid__span-5 column2-tablet-grid__start-4 column2-tablet-grid__row-1 column1-mobile-grid__span-4 column1-mobile-grid__row-1 column2-mobile-grid__span-4 column2-mobile-grid__row-2">
<div class="wp-block-jetpack-layout-grid-column wp-block-jetpack-layout-grid__padding-none is-vertically-aligned-center">
<div class="wp-block-image is-style-default"><figure class="aligncenter size-full"><img fetchpriority="high" decoding="async" width="1200" height="1600" src="https://nucabogados.com/wp-content/uploads/2021/12/FOTO-PRINCIPL.jpg" alt="" class="wp-image-1016"/></figure></div>



<hr class="wp-block-separator has-text-color has-background has-white-background-color has-white-color"/>
</div>



<div class="wp-block-jetpack-layout-grid-column wp-block-jetpack-layout-grid__padding-none">
<h5 class="firm-header wp-block-heading" id="letrada-noelia-ubeda-camarasa">Letrada Noelia Úbeda Camarasa</h5>



<p class="wp-block-paragraph">Fundadora de <strong>NUC ABOGADOS</strong>. Una firma que ejerce en todo el territorio nacional dedicado a personas físicas y jurídicas, con la finalidad de ofrecer el mejor asesoramiento legal a nuestros clientes.</p>



<h6 class="firm-subtitle wp-block-heading" id="talento">Talento</h6>



<p class="has-text-align-justify wp-block-paragraph">Un equipo de letrados colaboradores, multidisciplinar y diverso, bajo la dirección de Dª Noelia Úbeda, cubre diferentes disciplinas del derecho, aplicando conocimiento y experiencia desde una visión sectorial y enfocada a cada tipo de situación jurídica planteada.</p>



<h6 class="firm-subtitle wp-block-heading" id="cercania">Cercanía</h6>



<p class="wp-block-paragraph">Contamos con la máxima atención al cliente, extremadamente personalizada que nos permite ofrecer soluciones individualizadas y detalladas en cada momento preciso.</p>



<h6 class="firm-subtitle wp-block-heading" id="agilidad">Agilidad</h6>



<p class="has-text-align-justify wp-block-paragraph">Somos flexibles y rápidos, adaptándonos de forma eficaz a nuevas situaciones, con una alta capacidad de respuesta, trabajando de forma dinámica y segura, siendo en todo momento proactivos.</p>
</div>
</div>
</div></div>



<hr class="wp-block-separator has-text-color has-background has-white-background-color has-white-color is-style-default"/>



<div class="wp-block-group alignfull has-medium-padding"><div class="wp-block-group__inner-container is-layout-flow wp-block-group-is-layout-flow">
<div class="wp-block-columns alignfull is-layout-flex wp-container-core-columns-is-layout-8f761849 wp-block-columns-is-layout-flex">
<div class="wp-block-column is-vertically-aligned-center is-layout-flow wp-block-column-is-layout-flow" style="flex-basis:66.66%">
<h5 class="innov-solutions wp-block-heading" id="soluciones-innovadoras">Soluciones innovadoras</h5>



<p class="has-text-align-left wp-block-paragraph">La juventud de los letrados colaboradores destaca la capacidad de generar nuevas ideas y oportunidades, tratando de conseguir entregar soluciones o alternativas de manera clara, directa y sencilla, al cliente.</p>
</div>



<div class="wp-block-column is-vertically-aligned-center is-layout-flow wp-block-column-is-layout-flow" style="flex-basis:33.33%">
<div style="height:65px" aria-hidden="true" class="wp-block-spacer"></div>



<figure class="wp-block-image size-full is-resized is-style-rounded"><img decoding="async" src="https://nucabogados.com/wp-content/uploads/2021/08/Logo4.jpeg" alt="" class="wp-image-197" width="409" height="307" srcset="https://nucabogados.com/wp-content/uploads/2021/08/Logo4.jpeg 1024w, https://nucabogados.com/wp-content/uploads/2021/08/Logo4-300x225.jpeg 300w, https://nucabogados.com/wp-content/uploads/2021/08/Logo4-768x576.jpeg 768w, https://nucabogados.com/wp-content/uploads/2021/08/Logo4-800x600.jpeg 800w, https://nucabogados.com/wp-content/uploads/2021/08/Logo4-400x300.jpeg 400w, https://nucabogados.com/wp-content/uploads/2021/08/Logo4-200x150.jpeg 200w" sizes="(max-width: 409px) 100vw, 409px" /></figure>
</div>
</div>
</div></div>



<h5 class="alignwide has-text-align-center firm-phrase has-text-color wp-block-heading" id="el-asesoramiento-legal-es-excepcionalmente-preciso-practico-y-proactivo" style="color:#83631e">“El asesoramiento legal es excepcionalmente preciso, práctico y proactivo.”</h5>



<div style="height:100px" aria-hidden="true" class="wp-block-spacer"></div>



<div class="wp-block-cover alignfull is-light"><span aria-hidden="true" class="has-background-dim-30 wp-block-cover__gradient-background has-background-dim"></span><img decoding="async" width="825" height="864" class="wp-block-cover__image-background wp-image-643" alt="" src="https://nucabogados.com/wp-content/uploads/2021/08/FOTO-CIUDAD-DE-LA-JUST-PRINCIPAL_red.jpg" data-object-fit="cover" srcset="https://nucabogados.com/wp-content/uploads/2021/08/FOTO-CIUDAD-DE-LA-JUST-PRINCIPAL_red.jpg 825w, https://nucabogados.com/wp-content/uploads/2021/08/FOTO-CIUDAD-DE-LA-JUST-PRINCIPAL_red-286x300.jpg 286w, https://nucabogados.com/wp-content/uploads/2021/08/FOTO-CIUDAD-DE-LA-JUST-PRINCIPAL_red-768x804.jpg 768w, https://nucabogados.com/wp-content/uploads/2021/08/FOTO-CIUDAD-DE-LA-JUST-PRINCIPAL_red-800x838.jpg 800w" sizes="(max-width: 825px) 100vw, 825px" /><div class="wp-block-cover__inner-container is-layout-flow wp-block-cover-is-layout-flow">
<div class="wp-block-jetpack-layout-grid alignfull column1-desktop-grid__span-8 column1-desktop-grid__start-3 column1-desktop-grid__row-1 column1-tablet-grid__span-8 column1-tablet-grid__row-1 column1-mobile-grid__span-4 column1-mobile-grid__row-1">
<div class="wp-block-jetpack-layout-grid-column wp-block-jetpack-layout-grid__padding-none">
<h3 class="has-text-align-center firm-foot wp-block-heading" id="nuestra-percepcion-actual-es-solo-una-forma-de-observar-la-situacion-y-cuantas-mas-perspectivas-investiguemos-mejor-podra-ser-la-solucion-contactanos-y-te-ayudaremos"><strong>Nuestra percepción actual es solo una forma de observar la situación, y cuántas más perspectivas investiguemos mejor podrá ser la solución. Contáctanos y te ayudaremos.</strong></h3>



<div class="wp-block-buttons is-horizontal is-content-justification-center is-layout-flex wp-container-core-buttons-is-layout-7d812b4c wp-block-buttons-is-layout-flex">
<div class="wp-block-button aligncenter is-style-outline is-style-outline--1"><a class="wp-block-button__link has-background-color has-text-color" href="https://nucabogados.com/contacto/" rel="#">Contacta con nosotros</a></div>
</div>
</div>
</div>
</div></div>

<p>Letrada Noelia Úbeda Camarasa Fundadora de NUC ABOGADOS. Una firma que ejerce en todo el territorio nacional dedicado a personas físicas y jurídicas, con la finalidad de ofrecer el mejor asesoramiento legal a nuestros clientes. Talento Un equipo de letrados colaboradores, multidisciplinar y diverso, bajo la dirección de Dª Noelia Úbeda, cubre diferentes disciplinas del&hellip;</p>
<a class="read-more-link" href=" https://nucabogados.com/?page_id=9 ">Read More</a>
