{"id":733,"date":"2021-09-03T16:14:32","date_gmt":"2021-09-03T14:14:32","guid":{"rendered":"https:\/\/nucabogados.com\/?page_id=733"},"modified":"2021-09-03T16:55:08","modified_gmt":"2021-09-03T14:55:08","slug":"el-equipo-italiano","status":"publish","type":"page","link":"https:\/\/nucabogados.com\/?page_id=733&lang=it","title":{"rendered":"Il gruppo"},"content":{"rendered":"\n<div class=\"wp-block-group alignfull has-background-background-color has-background\"><div class=\"wp-block-group__inner-container is-layout-flow wp-block-group-is-layout-flow\">\n<h5 class=\"alignfull has-text-align-center team-header wp-block-heading\">Team multidisciplinare e diversificato di avvocati collaboratori, sotto la direzione della signora Noelia \u00dabeda<\/h5>\n\n\n\n<div class=\"wp-block-jetpack-layout-grid alignfull column1-desktop-grid__span-6 column1-desktop-grid__row-1 column2-desktop-grid__span-6 column2-desktop-grid__start-7 column2-desktop-grid__row-1 column1-tablet-grid__span-4 column1-tablet-grid__row-1 column2-tablet-grid__span-4 column2-tablet-grid__start-5 column2-tablet-grid__row-1 column1-mobile-grid__span-4 column1-mobile-grid__row-1 column2-mobile-grid__span-4 column2-mobile-grid__row-2\">\n<div class=\"wp-block-jetpack-layout-grid-column wp-block-jetpack-layout-grid__padding-none\">\n<div class=\"wp-block-image is-style-circle-mask is-style-default\"><figure class=\"aligncenter size-full is-resized\"><img decoding=\"async\" src=\"https:\/\/nucabogados.com\/wp-content\/uploads\/2021\/08\/AnaFernandez1.png\" alt=\"\" class=\"wp-image-421\" width=\"547\" srcset=\"https:\/\/nucabogados.com\/wp-content\/uploads\/2021\/08\/AnaFernandez1.png 550w, https:\/\/nucabogados.com\/wp-content\/uploads\/2021\/08\/AnaFernandez1-300x265.png 300w\" sizes=\"(max-width: 550px) 100vw, 550px\" \/><\/figure><\/div>\n\n\n\n<h6 class=\"has-text-align-center asesor-one wp-block-heading\">CONSULENTE LEGALE ANA FERN\u00c1NDEZ PEREA<\/h6>\n\n\n\n<div class=\"wp-block-jetpack-layout-grid alignfull column1-desktop-grid__span-8 column1-desktop-grid__start-3 column1-desktop-grid__row-1 column1-tablet-grid__span-8 column1-tablet-grid__row-1 column1-mobile-grid__span-4 column1-mobile-grid__row-1 wp-block-jetpack-layout-gutter__medium\">\n<div class=\"wp-block-jetpack-layout-grid-column wp-block-jetpack-layout-grid__padding-none\">\n<p class=\"has-text-align-left wp-block-paragraph\">Esperto legale in consulenza in materia di lavoro, immigrazione, mobilit\u00e0 internazionale e nazionalit\u00e0 europee.<\/p>\n\n\n\n<p class=\"wp-block-paragraph\">Interculturale Human Resources Management<\/p>\n\n\n\n<h6 class=\"trayectoria-one wp-block-heading\">Trayectoria profesional<\/h6>\n\n\n\n<ul class=\"is-style-checkbox wp-block-list\"><li>BLS International Services LTD<\/li><li>Consolato Generale di Spagna a Edimburgo<\/li><li>Ufficio dell&#8217;avvocato\u00a0Olga Gutierrez \u00c1lvarez<\/li><\/ul>\n<\/div>\n<\/div>\n<\/div>\n\n\n\n<div class=\"wp-block-jetpack-layout-grid-column wp-block-jetpack-layout-grid__padding-none\">\n<div class=\"wp-block-image is-style-circle-mask wp-duotone-000000-ffffff-1\"><figure class=\"aligncenter size-full\"><img fetchpriority=\"high\" decoding=\"async\" width=\"547\" height=\"485\" src=\"https:\/\/nucabogados.com\/wp-content\/uploads\/2021\/08\/MauroSans1.png\" alt=\"\" class=\"wp-image-420\" srcset=\"https:\/\/nucabogados.com\/wp-content\/uploads\/2021\/08\/MauroSans1.png 547w, https:\/\/nucabogados.com\/wp-content\/uploads\/2021\/08\/MauroSans1-300x266.png 300w\" sizes=\"(max-width: 547px) 100vw, 547px\" \/><\/figure><\/div>\n\n\n\n<h6 class=\"has-text-align-center asesor-two wp-block-heading\">AVVOCATO MAURO <br>SANUS PASTOR<\/h6>\n\n\n\n<div class=\"wp-block-jetpack-layout-grid alignfull column1-desktop-grid__span-10 column1-desktop-grid__start-3 column1-desktop-grid__row-1 column1-tablet-grid__span-8 column1-tablet-grid__row-1 column1-mobile-grid__span-4 column1-mobile-grid__row-1\">\n<div class=\"wp-block-jetpack-layout-grid-column wp-block-jetpack-layout-grid__padding-none\">\n<p class=\"wp-block-paragraph\">Master in appalti pubblici, diritto penale e conformit\u00e0 della Fondazione ADEIT.<\/p>\n\n\n\n<p class=\"wp-block-paragraph\">Master in consulenza legale per le aziende della Fondazione Valencia Stock Market Studies.<\/p>\n\n\n\n<p class=\"wp-block-paragraph\">Master di accesso alla professione legale.<\/p>\n\n\n\n<h6 class=\"trayectoria-two wp-block-heading\">Trayectoria profesional<\/h6>\n\n\n\n<ul class=\"is-style-checkbox wp-block-list\"><li>Amministratore delegato e collaboratore freelance<\/li><li>TDM Consulenti legali Tax &amp; Legal<\/li><\/ul>\n<\/div>\n<\/div>\n<\/div>\n<\/div>\n\n\n\n<div style=\"height:14px\" aria-hidden=\"true\" class=\"wp-block-spacer\"><\/div>\n<\/div><\/div>\n\n\n\n<div class=\"wp-block-group alignfull has-background\" style=\"background-color:#b4a074\"><div class=\"wp-block-group__inner-container is-layout-flow wp-block-group-is-layout-flow\">\n<div class=\"wp-block-jetpack-layout-grid alignfull column1-desktop-grid__span-5 column1-desktop-grid__row-1 column2-desktop-grid__span-7 column2-desktop-grid__start-6 column2-desktop-grid__row-1 column1-tablet-grid__span-4 column1-tablet-grid__row-1 column2-tablet-grid__span-4 column2-tablet-grid__start-5 column2-tablet-grid__row-1 column1-mobile-grid__span-4 column1-mobile-grid__row-1 column2-mobile-grid__span-4 column2-mobile-grid__row-2 wp-block-jetpack-layout-gutter__medium\">\n<div class=\"wp-block-jetpack-layout-grid-column wp-block-jetpack-layout-grid__padding-none is-vertically-aligned-center\">\n<hr class=\"wp-block-separator\"\/>\n\n\n\n<p class=\"has-text-align-center wp-block-paragraph\" style=\"font-size:28px\"><em>\u00abOffriamo soluzioni legali per aiutarti\u00bb<\/em><\/p>\n\n\n\n<p class=\"has-text-align-center wp-block-paragraph\">Noelia \u00dabeda<\/p>\n\n\n\n<hr class=\"wp-block-separator\"\/>\n<\/div>\n\n\n\n<div class=\"wp-block-jetpack-layout-grid-column wp-block-jetpack-layout-grid__padding-none\">\n<figure class=\"wp-block-image alignfull size-full is-style-default\"><img decoding=\"async\" width=\"353\" height=\"196\" src=\"https:\/\/nucabogados.com\/wp-content\/uploads\/2021\/08\/Handshake_v2.png\" alt=\"\" class=\"wp-image-113\" srcset=\"https:\/\/nucabogados.com\/wp-content\/uploads\/2021\/08\/Handshake_v2.png 353w, https:\/\/nucabogados.com\/wp-content\/uploads\/2021\/08\/Handshake_v2-300x167.png 300w\" sizes=\"(max-width: 353px) 100vw, 353px\" \/><\/figure>\n<\/div>\n<\/div>\n<\/div><\/div>\n","protected":false},"excerpt":{"rendered":"<p>Team multidisciplinare e diversificato di avvocati collaboratori, sotto la direzione della signora Noelia \u00dabeda CONSULENTE LEGALE ANA FERN\u00c1NDEZ PEREA Esperto legale in consulenza in materia di lavoro, immigrazione, mobilit\u00e0 internazionale e nazionalit\u00e0 europee. Interculturale Human Resources Management Trayectoria profesional BLS International Services LTD Consolato Generale di Spagna a Edimburgo Ufficio dell&#8217;avvocato\u00a0Olga Gutierrez \u00c1lvarez AVVOCATO MAURO&hellip;<\/p>\n<a class=\"read-more-link\" href=\" https:\/\/nucabogados.com\/?page_id=733&#038;lang=it \">Read More<\/a>","protected":false},"author":207752652,"featured_media":0,"parent":0,"menu_order":3,"comment_status":"closed","ping_status":"closed","template":"","meta":{"_coblocks_attr":"","_coblocks_dimensions":"","_coblocks_responsive_height":"","_coblocks_accordion_ie_support":"","_starter_page_template":"services","_wpcom_template_layout_category":[],"footnotes":""},"class_list":["post-733","page","type-page","status-publish","hentry","no-featured-image"],"amp_enabled":true,"_links":{"self":[{"href":"https:\/\/nucabogados.com\/index.php?rest_route=\/wp\/v2\/pages\/733","targetHints":{"allow":["GET"]}}],"collection":[{"href":"https:\/\/nucabogados.com\/index.php?rest_route=\/wp\/v2\/pages"}],"about":[{"href":"https:\/\/nucabogados.com\/index.php?rest_route=\/wp\/v2\/types\/page"}],"author":[{"embeddable":true,"href":"https:\/\/nucabogados.com\/index.php?rest_route=\/wp\/v2\/users\/207752652"}],"replies":[{"embeddable":true,"href":"https:\/\/nucabogados.com\/index.php?rest_route=%2Fwp%2Fv2%2Fcomments&post=733"}],"version-history":[{"count":6,"href":"https:\/\/nucabogados.com\/index.php?rest_route=\/wp\/v2\/pages\/733\/revisions"}],"predecessor-version":[{"id":754,"href":"https:\/\/nucabogados.com\/index.php?rest_route=\/wp\/v2\/pages\/733\/revisions\/754"}],"wp:attachment":[{"href":"https:\/\/nucabogados.com\/index.php?rest_route=%2Fwp%2Fv2%2Fmedia&parent=733"}],"curies":[{"name":"wp","href":"https:\/\/api.w.org\/{rel}","templated":true}]}}

<div class="wp-block-group alignfull has-background-background-color has-background"><div class="wp-block-group__inner-container is-layout-flow wp-block-group-is-layout-flow">
<h5 class="alignfull has-text-align-center team-header wp-block-heading">Team multidisciplinare e diversificato di avvocati collaboratori, sotto la direzione della signora Noelia Úbeda</h5>



<div class="wp-block-jetpack-layout-grid alignfull column1-desktop-grid__span-6 column1-desktop-grid__row-1 column2-desktop-grid__span-6 column2-desktop-grid__start-7 column2-desktop-grid__row-1 column1-tablet-grid__span-4 column1-tablet-grid__row-1 column2-tablet-grid__span-4 column2-tablet-grid__start-5 column2-tablet-grid__row-1 column1-mobile-grid__span-4 column1-mobile-grid__row-1 column2-mobile-grid__span-4 column2-mobile-grid__row-2">
<div class="wp-block-jetpack-layout-grid-column wp-block-jetpack-layout-grid__padding-none">
<div class="wp-block-image is-style-circle-mask is-style-default"><figure class="aligncenter size-full is-resized"><img decoding="async" src="https://nucabogados.com/wp-content/uploads/2021/08/AnaFernandez1.png" alt="" class="wp-image-421" width="547" srcset="https://nucabogados.com/wp-content/uploads/2021/08/AnaFernandez1.png 550w, https://nucabogados.com/wp-content/uploads/2021/08/AnaFernandez1-300x265.png 300w" sizes="(max-width: 550px) 100vw, 550px" /></figure></div>



<h6 class="has-text-align-center asesor-one wp-block-heading">CONSULENTE LEGALE ANA FERNÁNDEZ PEREA</h6>



<div class="wp-block-jetpack-layout-grid alignfull column1-desktop-grid__span-8 column1-desktop-grid__start-3 column1-desktop-grid__row-1 column1-tablet-grid__span-8 column1-tablet-grid__row-1 column1-mobile-grid__span-4 column1-mobile-grid__row-1 wp-block-jetpack-layout-gutter__medium">
<div class="wp-block-jetpack-layout-grid-column wp-block-jetpack-layout-grid__padding-none">
<p class="has-text-align-left wp-block-paragraph">Esperto legale in consulenza in materia di lavoro, immigrazione, mobilità internazionale e nazionalità europee.</p>



<p class="wp-block-paragraph">Interculturale Human Resources Management</p>



<h6 class="trayectoria-one wp-block-heading">Trayectoria profesional</h6>



<ul class="is-style-checkbox wp-block-list"><li>BLS International Services LTD</li><li>Consolato Generale di Spagna a Edimburgo</li><li>Ufficio dell&#8217;avvocato Olga Gutierrez Álvarez</li></ul>
</div>
</div>
</div>



<div class="wp-block-jetpack-layout-grid-column wp-block-jetpack-layout-grid__padding-none">
<div class="wp-block-image is-style-circle-mask wp-duotone-000000-ffffff-1"><figure class="aligncenter size-full"><img fetchpriority="high" decoding="async" width="547" height="485" src="https://nucabogados.com/wp-content/uploads/2021/08/MauroSans1.png" alt="" class="wp-image-420" srcset="https://nucabogados.com/wp-content/uploads/2021/08/MauroSans1.png 547w, https://nucabogados.com/wp-content/uploads/2021/08/MauroSans1-300x266.png 300w" sizes="(max-width: 547px) 100vw, 547px" /></figure></div>



<h6 class="has-text-align-center asesor-two wp-block-heading">AVVOCATO MAURO <br>SANUS PASTOR</h6>



<div class="wp-block-jetpack-layout-grid alignfull column1-desktop-grid__span-10 column1-desktop-grid__start-3 column1-desktop-grid__row-1 column1-tablet-grid__span-8 column1-tablet-grid__row-1 column1-mobile-grid__span-4 column1-mobile-grid__row-1">
<div class="wp-block-jetpack-layout-grid-column wp-block-jetpack-layout-grid__padding-none">
<p class="wp-block-paragraph">Master in appalti pubblici, diritto penale e conformità della Fondazione ADEIT.</p>



<p class="wp-block-paragraph">Master in consulenza legale per le aziende della Fondazione Valencia Stock Market Studies.</p>



<p class="wp-block-paragraph">Master di accesso alla professione legale.</p>



<h6 class="trayectoria-two wp-block-heading">Trayectoria profesional</h6>



<ul class="is-style-checkbox wp-block-list"><li>Amministratore delegato e collaboratore freelance</li><li>TDM Consulenti legali Tax &amp; Legal</li></ul>
</div>
</div>
</div>
</div>



<div style="height:14px" aria-hidden="true" class="wp-block-spacer"></div>
</div></div>



<div class="wp-block-group alignfull has-background" style="background-color:#b4a074"><div class="wp-block-group__inner-container is-layout-flow wp-block-group-is-layout-flow">
<div class="wp-block-jetpack-layout-grid alignfull column1-desktop-grid__span-5 column1-desktop-grid__row-1 column2-desktop-grid__span-7 column2-desktop-grid__start-6 column2-desktop-grid__row-1 column1-tablet-grid__span-4 column1-tablet-grid__row-1 column2-tablet-grid__span-4 column2-tablet-grid__start-5 column2-tablet-grid__row-1 column1-mobile-grid__span-4 column1-mobile-grid__row-1 column2-mobile-grid__span-4 column2-mobile-grid__row-2 wp-block-jetpack-layout-gutter__medium">
<div class="wp-block-jetpack-layout-grid-column wp-block-jetpack-layout-grid__padding-none is-vertically-aligned-center">
<hr class="wp-block-separator"/>



<p class="has-text-align-center wp-block-paragraph" style="font-size:28px"><em>«Offriamo soluzioni legali per aiutarti»</em></p>



<p class="has-text-align-center wp-block-paragraph">Noelia Úbeda</p>



<hr class="wp-block-separator"/>
</div>



<div class="wp-block-jetpack-layout-grid-column wp-block-jetpack-layout-grid__padding-none">
<figure class="wp-block-image alignfull size-full is-style-default"><img decoding="async" width="353" height="196" src="https://nucabogados.com/wp-content/uploads/2021/08/Handshake_v2.png" alt="" class="wp-image-113" srcset="https://nucabogados.com/wp-content/uploads/2021/08/Handshake_v2.png 353w, https://nucabogados.com/wp-content/uploads/2021/08/Handshake_v2-300x167.png 300w" sizes="(max-width: 353px) 100vw, 353px" /></figure>
</div>
</div>
</div></div>

<p>Team multidisciplinare e diversificato di avvocati collaboratori, sotto la direzione della signora Noelia Úbeda CONSULENTE LEGALE ANA FERNÁNDEZ PEREA Esperto legale in consulenza in materia di lavoro, immigrazione, mobilità internazionale e nazionalità europee. Interculturale Human Resources Management Trayectoria profesional BLS International Services LTD Consolato Generale di Spagna a Edimburgo Ufficio dell&#8217;avvocato Olga Gutierrez Álvarez AVVOCATO MAURO&hellip;</p>
<a class="read-more-link" href=" https://nucabogados.com/?page_id=733&#038;lang=it ">Read More</a>
