{"id":238,"date":"2021-08-24T17:41:35","date_gmt":"2021-08-24T15:41:35","guid":{"rendered":"https:\/\/nucabogados.com\/?page_id=238"},"modified":"2021-09-01T13:41:30","modified_gmt":"2021-09-01T11:41:30","slug":"el-equipo","status":"publish","type":"page","link":"https:\/\/nucabogados.com\/?page_id=238","title":{"rendered":"El equipo"},"content":{"rendered":"\n<div class=\"wp-block-group alignfull has-background-background-color has-background\"><div class=\"wp-block-group__inner-container is-layout-flow wp-block-group-is-layout-flow\">\n<h5 class=\"alignfull has-text-align-center team-header wp-block-heading\">Equipo de letrados colaboradores, multidisciplinar y diverso, bajo la direcci\u00f3n de D\u00aaNoelia \u00dabeda<\/h5>\n\n\n\n<div class=\"wp-block-jetpack-layout-grid alignfull column1-desktop-grid__span-6 column1-desktop-grid__row-1 column2-desktop-grid__span-6 column2-desktop-grid__start-7 column2-desktop-grid__row-1 column1-tablet-grid__span-4 column1-tablet-grid__row-1 column2-tablet-grid__span-4 column2-tablet-grid__start-5 column2-tablet-grid__row-1 column1-mobile-grid__span-4 column1-mobile-grid__row-1 column2-mobile-grid__span-4 column2-mobile-grid__row-2\">\n<div class=\"wp-block-jetpack-layout-grid-column wp-block-jetpack-layout-grid__padding-none\">\n<div class=\"wp-block-image is-style-circle-mask is-style-default\"><figure class=\"aligncenter size-full is-resized\"><img decoding=\"async\" src=\"https:\/\/nucabogados.com\/wp-content\/uploads\/2021\/08\/AnaFernandez1.png\" alt=\"\" class=\"wp-image-421\" width=\"547\" srcset=\"https:\/\/nucabogados.com\/wp-content\/uploads\/2021\/08\/AnaFernandez1.png 550w, https:\/\/nucabogados.com\/wp-content\/uploads\/2021\/08\/AnaFernandez1-300x265.png 300w\" sizes=\"(max-width: 550px) 100vw, 550px\" \/><\/figure><\/div>\n\n\n\n<h6 class=\"has-text-align-center asesor-one wp-block-heading\">ASESORA JUR\u00cdDICA ANA FERN\u00c1NDEZ PEREA<\/h6>\n\n\n\n<div class=\"wp-block-jetpack-layout-grid alignfull column1-desktop-grid__span-8 column1-desktop-grid__start-3 column1-desktop-grid__row-1 column1-tablet-grid__span-8 column1-tablet-grid__row-1 column1-mobile-grid__span-4 column1-mobile-grid__row-1 wp-block-jetpack-layout-gutter__medium\">\n<div class=\"wp-block-jetpack-layout-grid-column wp-block-jetpack-layout-grid__padding-none\">\n<p class=\"has-text-align-left wp-block-paragraph\">Experta jur\u00eddica en asesoramiento en materia laboral, extranjer\u00eda, movilidad internacional y nacionalidades europeas.<\/p>\n\n\n\n<p class=\"wp-block-paragraph\">Intercultural Human Resources Management<\/p>\n\n\n\n<h6 class=\"trayectoria-one wp-block-heading\">Trayectoria profesional<\/h6>\n\n\n\n<ul class=\"is-style-checkbox wp-block-list\"><li>BLS International Services LTD<\/li><li>Consulado General de Espa\u00f1a en Edimburgo<\/li><li>Despacho Procurador&nbsp;Olga Gutierrez \u00c1lvarez<\/li><\/ul>\n<\/div>\n<\/div>\n<\/div>\n\n\n\n<div class=\"wp-block-jetpack-layout-grid-column wp-block-jetpack-layout-grid__padding-none\">\n<div class=\"wp-block-image is-style-circle-mask wp-duotone-000000-ffffff-1\"><figure class=\"aligncenter size-full\"><img fetchpriority=\"high\" decoding=\"async\" width=\"547\" height=\"485\" src=\"https:\/\/nucabogados.com\/wp-content\/uploads\/2021\/08\/MauroSans1.png\" alt=\"\" class=\"wp-image-420\" srcset=\"https:\/\/nucabogados.com\/wp-content\/uploads\/2021\/08\/MauroSans1.png 547w, https:\/\/nucabogados.com\/wp-content\/uploads\/2021\/08\/MauroSans1-300x266.png 300w\" sizes=\"(max-width: 547px) 100vw, 547px\" \/><\/figure><\/div>\n\n\n\n<h6 class=\"has-text-align-center asesor-two wp-block-heading\">LETRADO MAURO <br>SANUS PASTOR<\/h6>\n\n\n\n<div class=\"wp-block-jetpack-layout-grid alignfull column1-desktop-grid__span-10 column1-desktop-grid__start-3 column1-desktop-grid__row-1 column1-tablet-grid__span-8 column1-tablet-grid__row-1 column1-mobile-grid__span-4 column1-mobile-grid__row-1\">\n<div class=\"wp-block-jetpack-layout-grid-column wp-block-jetpack-layout-grid__padding-none\">\n<p class=\"wp-block-paragraph\">Master En Contrataci\u00f3n P\u00fablica, Derecho Penal y Compliance de la Fundaci\u00f3n ADEIT <\/p>\n\n\n\n<p class=\"wp-block-paragraph\">Master en Asesor\u00eda Jur\u00eddica de Empresas de la Fundaci\u00f3n de Estudios Burs\u00e1tiles de Valencia<\/p>\n\n\n\n<p class=\"wp-block-paragraph\">Master de Acceso a la Abogac\u00eda<\/p>\n\n\n\n<h6 class=\"trayectoria-two wp-block-heading\">Trayectoria profesional<\/h6>\n\n\n\n<ul class=\"is-style-checkbox wp-block-list\"><li>Director gerente aut\u00f3nomo y colaborador<\/li><li>TDM Asesores Jur\u00eddicos Tax &amp; Legal<\/li><\/ul>\n<\/div>\n<\/div>\n<\/div>\n<\/div>\n\n\n\n<div style=\"height:14px\" aria-hidden=\"true\" class=\"wp-block-spacer\"><\/div>\n<\/div><\/div>\n\n\n\n<div class=\"wp-block-group alignfull has-background\" style=\"background-color:#b4a074\"><div class=\"wp-block-group__inner-container is-layout-flow wp-block-group-is-layout-flow\">\n<div class=\"wp-block-jetpack-layout-grid alignfull column1-desktop-grid__span-5 column1-desktop-grid__row-1 column2-desktop-grid__span-7 column2-desktop-grid__start-6 column2-desktop-grid__row-1 column1-tablet-grid__span-4 column1-tablet-grid__row-1 column2-tablet-grid__span-4 column2-tablet-grid__start-5 column2-tablet-grid__row-1 column1-mobile-grid__span-4 column1-mobile-grid__row-1 column2-mobile-grid__span-4 column2-mobile-grid__row-2 wp-block-jetpack-layout-gutter__medium\">\n<div class=\"wp-block-jetpack-layout-grid-column wp-block-jetpack-layout-grid__padding-none is-vertically-aligned-center\">\n<hr class=\"wp-block-separator\"\/>\n\n\n\n<p class=\"has-text-align-center wp-block-paragraph\" style=\"font-size:28px\"><em>\u00abOfrecemos soluciones jur\u00eddicas para ayudarte\u00bb<\/em><\/p>\n\n\n\n<p class=\"has-text-align-center wp-block-paragraph\">Noelia \u00dabeda<\/p>\n\n\n\n<hr class=\"wp-block-separator\"\/>\n<\/div>\n\n\n\n<div class=\"wp-block-jetpack-layout-grid-column wp-block-jetpack-layout-grid__padding-none\">\n<figure class=\"wp-block-image alignfull size-full is-style-default\"><img decoding=\"async\" width=\"353\" height=\"196\" src=\"https:\/\/nucabogados.com\/wp-content\/uploads\/2021\/08\/Handshake_v2.png\" alt=\"\" class=\"wp-image-113\" srcset=\"https:\/\/nucabogados.com\/wp-content\/uploads\/2021\/08\/Handshake_v2.png 353w, https:\/\/nucabogados.com\/wp-content\/uploads\/2021\/08\/Handshake_v2-300x167.png 300w\" sizes=\"(max-width: 353px) 100vw, 353px\" \/><\/figure>\n<\/div>\n<\/div>\n<\/div><\/div>\n","protected":false},"excerpt":{"rendered":"<p>Equipo de letrados colaboradores, multidisciplinar y diverso, bajo la direcci\u00f3n de D\u00aaNoelia \u00dabeda ASESORA JUR\u00cdDICA ANA FERN\u00c1NDEZ PEREA Experta jur\u00eddica en asesoramiento en materia laboral, extranjer\u00eda, movilidad internacional y nacionalidades europeas. Intercultural Human Resources Management Trayectoria profesional BLS International Services LTD Consulado General de Espa\u00f1a en Edimburgo Despacho Procurador&nbsp;Olga Gutierrez \u00c1lvarez LETRADO MAURO SANUS PASTOR&hellip;<\/p>\n<a class=\"read-more-link\" href=\" https:\/\/nucabogados.com\/?page_id=238 \">Read More<\/a>","protected":false},"author":207752652,"featured_media":0,"parent":0,"menu_order":3,"comment_status":"closed","ping_status":"closed","template":"","meta":{"_coblocks_attr":"","_coblocks_dimensions":"","_coblocks_responsive_height":"","_coblocks_accordion_ie_support":"","_starter_page_template":"services","_wpcom_template_layout_category":[],"footnotes":""},"class_list":["post-238","page","type-page","status-publish","hentry","no-featured-image"],"amp_enabled":true,"_links":{"self":[{"href":"https:\/\/nucabogados.com\/index.php?rest_route=\/wp\/v2\/pages\/238","targetHints":{"allow":["GET"]}}],"collection":[{"href":"https:\/\/nucabogados.com\/index.php?rest_route=\/wp\/v2\/pages"}],"about":[{"href":"https:\/\/nucabogados.com\/index.php?rest_route=\/wp\/v2\/types\/page"}],"author":[{"embeddable":true,"href":"https:\/\/nucabogados.com\/index.php?rest_route=\/wp\/v2\/users\/207752652"}],"replies":[{"embeddable":true,"href":"https:\/\/nucabogados.com\/index.php?rest_route=%2Fwp%2Fv2%2Fcomments&post=238"}],"version-history":[{"count":49,"href":"https:\/\/nucabogados.com\/index.php?rest_route=\/wp\/v2\/pages\/238\/revisions"}],"predecessor-version":[{"id":659,"href":"https:\/\/nucabogados.com\/index.php?rest_route=\/wp\/v2\/pages\/238\/revisions\/659"}],"wp:attachment":[{"href":"https:\/\/nucabogados.com\/index.php?rest_route=%2Fwp%2Fv2%2Fmedia&parent=238"}],"curies":[{"name":"wp","href":"https:\/\/api.w.org\/{rel}","templated":true}]}}

<div class="wp-block-group alignfull has-background-background-color has-background"><div class="wp-block-group__inner-container is-layout-flow wp-block-group-is-layout-flow">
<h5 class="alignfull has-text-align-center team-header wp-block-heading">Equipo de letrados colaboradores, multidisciplinar y diverso, bajo la dirección de DªNoelia Úbeda</h5>



<div class="wp-block-jetpack-layout-grid alignfull column1-desktop-grid__span-6 column1-desktop-grid__row-1 column2-desktop-grid__span-6 column2-desktop-grid__start-7 column2-desktop-grid__row-1 column1-tablet-grid__span-4 column1-tablet-grid__row-1 column2-tablet-grid__span-4 column2-tablet-grid__start-5 column2-tablet-grid__row-1 column1-mobile-grid__span-4 column1-mobile-grid__row-1 column2-mobile-grid__span-4 column2-mobile-grid__row-2">
<div class="wp-block-jetpack-layout-grid-column wp-block-jetpack-layout-grid__padding-none">
<div class="wp-block-image is-style-circle-mask is-style-default"><figure class="aligncenter size-full is-resized"><img decoding="async" src="https://nucabogados.com/wp-content/uploads/2021/08/AnaFernandez1.png" alt="" class="wp-image-421" width="547" srcset="https://nucabogados.com/wp-content/uploads/2021/08/AnaFernandez1.png 550w, https://nucabogados.com/wp-content/uploads/2021/08/AnaFernandez1-300x265.png 300w" sizes="(max-width: 550px) 100vw, 550px" /></figure></div>



<h6 class="has-text-align-center asesor-one wp-block-heading">ASESORA JURÍDICA ANA FERNÁNDEZ PEREA</h6>



<div class="wp-block-jetpack-layout-grid alignfull column1-desktop-grid__span-8 column1-desktop-grid__start-3 column1-desktop-grid__row-1 column1-tablet-grid__span-8 column1-tablet-grid__row-1 column1-mobile-grid__span-4 column1-mobile-grid__row-1 wp-block-jetpack-layout-gutter__medium">
<div class="wp-block-jetpack-layout-grid-column wp-block-jetpack-layout-grid__padding-none">
<p class="has-text-align-left wp-block-paragraph">Experta jurídica en asesoramiento en materia laboral, extranjería, movilidad internacional y nacionalidades europeas.</p>



<p class="wp-block-paragraph">Intercultural Human Resources Management</p>



<h6 class="trayectoria-one wp-block-heading">Trayectoria profesional</h6>



<ul class="is-style-checkbox wp-block-list"><li>BLS International Services LTD</li><li>Consulado General de España en Edimburgo</li><li>Despacho Procurador&nbsp;Olga Gutierrez Álvarez</li></ul>
</div>
</div>
</div>



<div class="wp-block-jetpack-layout-grid-column wp-block-jetpack-layout-grid__padding-none">
<div class="wp-block-image is-style-circle-mask wp-duotone-000000-ffffff-1"><figure class="aligncenter size-full"><img fetchpriority="high" decoding="async" width="547" height="485" src="https://nucabogados.com/wp-content/uploads/2021/08/MauroSans1.png" alt="" class="wp-image-420" srcset="https://nucabogados.com/wp-content/uploads/2021/08/MauroSans1.png 547w, https://nucabogados.com/wp-content/uploads/2021/08/MauroSans1-300x266.png 300w" sizes="(max-width: 547px) 100vw, 547px" /></figure></div>



<h6 class="has-text-align-center asesor-two wp-block-heading">LETRADO MAURO <br>SANUS PASTOR</h6>



<div class="wp-block-jetpack-layout-grid alignfull column1-desktop-grid__span-10 column1-desktop-grid__start-3 column1-desktop-grid__row-1 column1-tablet-grid__span-8 column1-tablet-grid__row-1 column1-mobile-grid__span-4 column1-mobile-grid__row-1">
<div class="wp-block-jetpack-layout-grid-column wp-block-jetpack-layout-grid__padding-none">
<p class="wp-block-paragraph">Master En Contratación Pública, Derecho Penal y Compliance de la Fundación ADEIT </p>



<p class="wp-block-paragraph">Master en Asesoría Jurídica de Empresas de la Fundación de Estudios Bursátiles de Valencia</p>



<p class="wp-block-paragraph">Master de Acceso a la Abogacía</p>



<h6 class="trayectoria-two wp-block-heading">Trayectoria profesional</h6>



<ul class="is-style-checkbox wp-block-list"><li>Director gerente autónomo y colaborador</li><li>TDM Asesores Jurídicos Tax &amp; Legal</li></ul>
</div>
</div>
</div>
</div>



<div style="height:14px" aria-hidden="true" class="wp-block-spacer"></div>
</div></div>



<div class="wp-block-group alignfull has-background" style="background-color:#b4a074"><div class="wp-block-group__inner-container is-layout-flow wp-block-group-is-layout-flow">
<div class="wp-block-jetpack-layout-grid alignfull column1-desktop-grid__span-5 column1-desktop-grid__row-1 column2-desktop-grid__span-7 column2-desktop-grid__start-6 column2-desktop-grid__row-1 column1-tablet-grid__span-4 column1-tablet-grid__row-1 column2-tablet-grid__span-4 column2-tablet-grid__start-5 column2-tablet-grid__row-1 column1-mobile-grid__span-4 column1-mobile-grid__row-1 column2-mobile-grid__span-4 column2-mobile-grid__row-2 wp-block-jetpack-layout-gutter__medium">
<div class="wp-block-jetpack-layout-grid-column wp-block-jetpack-layout-grid__padding-none is-vertically-aligned-center">
<hr class="wp-block-separator"/>



<p class="has-text-align-center wp-block-paragraph" style="font-size:28px"><em>«Ofrecemos soluciones jurídicas para ayudarte»</em></p>



<p class="has-text-align-center wp-block-paragraph">Noelia Úbeda</p>



<hr class="wp-block-separator"/>
</div>



<div class="wp-block-jetpack-layout-grid-column wp-block-jetpack-layout-grid__padding-none">
<figure class="wp-block-image alignfull size-full is-style-default"><img decoding="async" width="353" height="196" src="https://nucabogados.com/wp-content/uploads/2021/08/Handshake_v2.png" alt="" class="wp-image-113" srcset="https://nucabogados.com/wp-content/uploads/2021/08/Handshake_v2.png 353w, https://nucabogados.com/wp-content/uploads/2021/08/Handshake_v2-300x167.png 300w" sizes="(max-width: 353px) 100vw, 353px" /></figure>
</div>
</div>
</div></div>

<p>Equipo de letrados colaboradores, multidisciplinar y diverso, bajo la dirección de DªNoelia Úbeda ASESORA JURÍDICA ANA FERNÁNDEZ PEREA Experta jurídica en asesoramiento en materia laboral, extranjería, movilidad internacional y nacionalidades europeas. Intercultural Human Resources Management Trayectoria profesional BLS International Services LTD Consulado General de España en Edimburgo Despacho Procurador&nbsp;Olga Gutierrez Álvarez LETRADO MAURO SANUS PASTOR&hellip;</p>
<a class="read-more-link" href=" https://nucabogados.com/?page_id=238 ">Read More</a>
